11). Let c(o) = h*b(o) + y(o). What is c(6)?
4
Suppose -24*m + 42 + 30 = 0. Let s(u) be the second derivative of -5*u + 1/2*u**m + 3/2*u**2 + 0. Give s(-2).
-3
Let d(b) = -b**2 - 9*b - 5. Let n be 2 - 7/((-7)/2). Let c be 13/(-2) + 2/n. Give d(c).
13
Let a(q) = -3*q**2 + q + 2. Let u(p) be the second derivative of -p**4/12 + p**3/6 + 16*p. Let s(i) = a(i) - 2*u(i). What is s(-3)?
-4
Suppose 2*f = 3*d - 3, 4*d - 5*f = -f. Let p(g) = d + 341*g - 176*g - 167*g. Determine p(3).
-3
Suppose 5*m = 2*m + 3. Let y(a) be the third derivative of a**5/20 - a**3/6 - 266*a**2 + 2. What is y(m)?
2
Suppose 0 = 2*d + 5*v - 27, -d = 3*d + 5*v - 39. Let q = -34 + 34. Let g(k) = q*k**2 - 6*k + 145 - 149 + k**2. Calculate g(d).
-4
Let b(h) = 2*h + 3. Let r(j) = j**3 - 5*j**2 - 3*j + 1. Let x be r(6). Let z = x - 22. Determine b(z).
-3
Let i(g) = -5*g - 1. Suppose -2*n + 72 = 2*n. Let x = n - 16. Suppose 3*l = -x*r - 7, 8 = l - 3*r - 8. What is i(l)?
-6
Suppose 4*o - 56 = 4*m, 2*m + 31 = -4*o + 9. Let f(t) = -t**2 - 16*t - 26. Determine f(m).
13
Let o(l) = l**2 + 3*l - 1. Let c(j) = -6*j**2 - 22*j - 5. Let h(m) = c(m) + 5*o(m). Let n(a) = -a**2 - a - 1. Let w be n(2). What is h(w)?
-10
Let q be (-18)/5*30/9. Suppose -3*t + 2*w + 2*w = -50, -2 = w. Let o = t + q. Let b(u) = u**2 + u - 2. Calculate b(o).
4
Let o(r) = -15*r - 1. Let n be o(-1). Let z(f) = 2 - n + f + 9. What is z(5)?
2
Let n(d) = d + 29. Let v = 29 - 29. Determine n(v).
29
Let r(w) be the first derivative of w**3/3 - 5*w**2/2 - 4*w - 37. Let x be -21*1*32/(-112). Determine r(x).
2
Let d be 3*(-20)/12 - (-8 - 2). Let u(k) = -k**3 + 4*k**2 + 4*k + 1. Give u(d).
-4
Let f(t) = -51*t**3 + 0*t**2 + 50*t**3 + 3 - 6*t - 6*t**2. Suppose -3*p = -5*p + 68. Let d = p - 39. Calculate f(d).
8
Suppose -16 = -2*g - 2*b - 2*b, -b = -3. Let f(l) = l**g + 0*l + l + 13*l + 6 - 9*l. Let n(m) = -3*m**2 - 3*m. Let t be n(-2). What is f(t)?
12
Let z(s) = -4*s**2 - 2 + 55*s**3 - 54*s**3 + 3*s + 2*s. Give z(3).
4
Let n(x) = -x - 7. Let y be -1 - (-3 - 0/3). Suppose -z = a, -y*a + 0*z + 12 = -z. Suppose -g = a*g. Determine n(g).
-7
Let x(f) = f + 7. Let k be x(-9). Let g be ((-10)/4 - k)*0. Let s(z) = -7*z - 7. Let h(n) = -20*n - 21. Let c(i) = 6*h(i) - 17*s(i). Give c(g).
-7
Suppose 7*m = 3*m + 28. Let g(q) = -3*q - 10. Let n(p) = 2*p + 3*p - 3*p + 0*p + 7. Let a(y) = m*n(y) + 5*g(y). Calculate a(2).
-3
Let a(i) = -i**2 + i + 1. Let x = -29 + 18. Let n be -2*1 + (1 - x). Suppose 5*f + 2*h = -14 + 5, -3*h - n = 4*f. What is a(f)?
-1
Let s(a) = -4*a - 40 + 82 + 3*a - 19. Calculate s(11).
12
Let s = -9164 - -9162. Let l(k) = -2*k**2 + k**2 + 1 - k + 2*k**3 - k**3. Give l(s).
-9
Let m(o) = -o**3 - 6*o**2 + 9*o + 9. Let k(b) = -2*b**2 + 62*b - 7. Let y be k(31). Give m(y).
-5
Let s(f) be the third derivative of -1/120*f**6 - 1/20*f**5 - 1/2*f**3 + 1/24*f**4 + 0 + 0*f + 10*f**2. Give s(-3).
-6
Let h(v) = v**2 + 11 + 52*v - 5 - 64*v. Let x be h(12). Let g(y) = 6*y**2 - y**3 - 3 + 2*y + 4 - 10. What is g(x)?
3
Let z(f) be the second derivative of -2*f**3/3 - 3*f**2/2 + 2*f + 32. What is z(-5)?
17
Let t(n) = n**2 - 6*n - 3. Suppose 2*g + 5*u = 26, -5*g + 4*u + 3 = 4. Suppose -5*c + 14 = -g*c. What is t(c)?
4
Let i(t) = t**3 - 6*t**2 - 3*t + 9. Let c(f) = -f**3 + 5*f - 16. Let d be c(3). Let u be (48/d)/(4/(-14)). Calculate i(u).
-9
Suppose -c + 0*c - 16 = 0. Let a = 10 + c. Let t(u) = 2*u + 5. Let v(d) = 6*d + 15. Let m(l) = -8*t(l) + 3*v(l). Calculate m(a).
-7
Suppose 2*p = -o - 8, 11 = -3*p - o - 3. Let d(w) = w**2 + 3*w - 10. Let y be d(p). Suppose 6*s + y = 2*s. Let n(v) = 3*v + 3. Determine n(s).
-3
Let j(x) be the first derivative of x**4/4 - x**3 - 5*x**2/2 + 5*x + 197. Determine j(5).
30
Let m(w) = 2*w**3 - 3*w**2 + 2. Let i be 2*(4 - 9) - -8. Give m(i).
-26
Suppose 4*q - 14 = 2*c, 2*q - 3 = -2*c - c. Suppose 2 = q*g - 1. Let n(r) = -r + 2. Calculate n(g).
1
Let k be 3/15*5 + 1. Let w(d) = -7*d**2 - d + 1 + 17*d**3 - 18*d**3 + k*d**2. Calculate w(-5).
6
Let l(w) = -2*w**2 - 2*w - 2. Suppose -243*n + 238*n + 60 = 0. Let r(h) = 4*h - 4. Let z be r(-6). Let i be (-8)/12 + z/n. Calculate l(i).
-14
Let b(q) = -q**3 + 2*q**2 - q - 1. Suppose 3*r = -16 + 28, 0 = -5*x + 2*r - 23. Give b(x).
47
Let r be 6/10*5*1. Let a(g) = 1 + 2*g**2 - 3*g + r*g**3 - 4*g**3 + g**2. Let j be (-6)/5 + 880/275. What is a(j)?
-1
Let g(k) = 33*k + 8. Let l(q) = -66*q - 17. Let c(z) = 13*g(z) + 6*l(z). What is c(-1)?
-31
Let o(g) = 4*g**2 - 13*g - 2. Let n(x) = -3*x**2 + 12*x + 2. Let k(a) = -6*n(a) - 5*o(a). What is k(-5)?
-17
Let z(o) = 2*o - 47*o**2 - 40 - 24*o**3 + 48*o**2 + 41. Give z(-1).
24
Let q(f) be the first derivative of f**2 + 1/6*f**3 + 1/20*f**5 - 5/12*f**4 + 5 + 2*f. Let x(w) be the first derivative of q(w). Give x(5).
7
Let i(j) = 0 - 2 + 4*j**3 - 5*j**3 - 3*j + 6*j**2. Let n(d) = d + 4. Let m be n(3). Let z = 12 - m. What is i(z)?
8
Let x(r) = 4*r**3 - 8*r**2 - 4*r - 3. Let m(h) = h**3 - h**2 + h - 1. Let c(w) = 3*m(w) - x(w). Suppose 20 = 5*o, -2*y - 5*o = -0*y - 32. Calculate c(y).
6
Let h(z) = z**3 + 2*z**2 - 3*z. Suppose 4*r = 3*n - 35, r - 2*r = -2*n + 30. Let k = -20 + n. Give h(k).
0
Let p(c) = c**3 - 12*c**2 + 11*c - 7. Let z be (-114)/(-10) + 1/5*-2. Calculate p(z).
-7
Let y(n) = n**2 - 12*n - 22. Let c be 6 + -16 - 360/(-15). Determine y(c).
6
Let t(n) = 3*n - 7. Let s = 2422 - 2428. What is t(s)?
-25
Let m be 8/28 + (1 - 30665/(-7)). Let z(d) = 3*d - m + 4382. Calculate z(-4).
-12
Let u be 2/8 + 891/(-108). Let h(j) = 3*j + 3. Calculate h(u).
-21
Let t(j) = 13*j - 219 + 118 + 96 - j**2. Determine t(7).
37
Let w(a) be the third derivative of -a**4/12 - 5*a**3/6 + 12*a**2. Let t(k) = 6*k + 15. Let r(y) = 6*t(y) + 17*w(y). Give r(-4).
-3
Suppose 0 = -389*d + 397*d - 40. Let f(u) = -u**3 + 7*u**2 - 3*u - 2. Calculate f(d).
33
Let l(p) = 3*p**2 - 4*p - 9. Let n be 2 - (-5 + -4 + 8). Determine l(n).
6
Suppose 8 = 2*n, -2*s + 0 = -5*n + 18. Let m(q) = q**2 + 3 - q + 0*q + s - q. Suppose 37*k - 3*l = 38*k + 6, 5*k - 4*l = 27. Give m(k).
7
Let z be (-28)/56 - 5/(-2). Let m(q) be the third derivative of q**3 + 0*q - 7/24*q**4 + 5*q**z - 1/60*q**5 + 0. What is m(-7)?
6
Suppose -5*i + 4*b - 15 = 0, 0 = -i + 3*b - 46 + 32. Let x(n) = -30*n**3 + n**2 - n + 1. What is x(i)?
-29
Let c(k) = k**3 - 4*k**2 - 3*k - 6. Let i be c(5). Let x(z) = -i*z + 2 + z**2 - z + 9*z. Let l = 1672 - 1674. Give x(l).
-2
Let d = 158 - 164. Let m(p) = -2*p + p**2 + 5*p + 0*p**2 - 8. Give m(d).
10
Let q(t) be the third derivative of -t**5/60 + t**4/24 - t**3/6 + 4*t**2. Let w(c) = -c**3 - 9*c**2 - 6*c - 11. Let d(u) = -2*q(u) + w(u). Give d(-6).
3
Let k(w) = 12*w**3 - 19*w**2 + 12*w + 17. Let i(g) = 7*g**3 - 10*g**2 + 6*g + 9. Let d(r) = 7*i(r) - 4*k(r). What is d(-5)?
50
Suppose 3*p - 6 + 15 = 0. Let m(j) = -9*j - 10. Let n(y) = -11*y - 12. Let h(q) = -4*m(q) + 3*n(q). Calculate h(p).
-5
Let r(p) = -p**2 + 5*p + 2. Let l be ((-6)/(-5))/(42/210). Calculate r(l).
-4
Let z(f) = -35*f - 2. Let g(h) = -6*h. Let t(s) = 6*g(s) - z(s). What is t(-15)?
17
Let s(f) = 7*f. Let w(j) = -6*j. Let o(c) = 4*s(c) + 5*w(c). Suppose 0 = 2*r - 9*r + 140. Suppose -23*x - r = -19*x. What is o(x)?
10
Let t(x) be the third derivative of x**6/120 - x**5/60 - x**4/6 - x**3/3 - 60*x**2. Calculate t(4).
30
Let u = 707 + -708. Let i(g) be the second derivative of -3*g**4/4 + g**3/6 + g**2/2 - g. Give i(u).
-9
Let k be (-8)/(-4) - (3 - 6). Suppose k*o - 4 - 171 = 0. Suppose 0 = -5*y + 10, -2*s = 3*s - 5*y + o. Let v(x) = -x**2 - 2*x + 6. What is v(s)?
-9
Let k(s) be the third derivative of s**4/24 - 3*s**3/2 - 20*s**2. Let o(m) = -1. Let q(t) = -k(t) - 2*o(t). Determine q(0).
11
Suppose 0 = -5*p - 22*p + 27. Let k(o) be the first derivative of o**5/60 + o**4/24 - 2*o**3/3 + 1. Let d(y) be the third derivative of k(y). Give d(p).
3
Let s(m) = -m - 5. Suppose -15*c + 12*c = -15. Suppose 3*z - 4 = 2. Suppose 2*w = -j + z - 6, c*j + w = -29. Give s(j).
1
Let j(q) = -q**2 - q + 12. Suppose -5*t + 31 = 11. What is j(t)?
-8
Suppose -4*z + 6 = -38. Let q = 14 - z. Suppose -2*r + 3 = m, -4*r + 3*r - q = -4*m. Let k(c) = -12*c**3 + 2*c**2 - 1. What is k(m)?
-11
Let g(j) = -6*j - 4 + 0 + 4*j + 3*j. Let y(f) = -2*f - 7. Let i(h) = -2*h - 7. Let c(x) = -2*i(x) + 3*y(x). Let b be c(-5). What is g(b)?
-1
S